{"id":2668,"date":"2026-02-04T01:16:28","date_gmt":"2026-02-04T01:16:28","guid":{"rendered":"https:\/\/www.dr-haerting.at\/apotheke\/?post_type=product&#038;p=2668"},"modified":"2026-02-26T20:27:13","modified_gmt":"2026-02-26T20:27:13","slug":"xeloda","status":"publish","type":"product","link":"https:\/\/www.dr-haerting.at\/apotheke\/online\/xeloda\/","title":{"rendered":"Xeloda"},"content":{"rendered":"<p>Xeloda ist ein Medikament, das zur Behandlung bestimmter Arten von Krebs eingesetzt wird. Es enth\u00e4lt den Wirkstoff Capecitabin, der im K\u00f6rper in 5-Fluoruracil (5-FU) umgewandelt wird. 5-FU ist ein Zytostatikum, das das Wachstum von Krebszellen hemmt. Xeloda wird haupts\u00e4chlich zur Behandlung von Dickdarmkrebs, Mastdarmkrebs und Brustkrebs eingesetzt. Es kann allein oder in Kombination mit anderen Medikamenten angewendet werden. Es wird in Form von Tabletten eingenommen, normalerweise zweimal t\u00e4glich f\u00fcr eine bestimmte Anzahl von Wochen, je nach Art und Stadium des Krebses. Xeloda sollte unter \u00e4rztlicher Aufsicht eingenommen werden, und die Dosierung kann je nach individuellem Fall variieren.<\/p>\n<h2>Was Sie vermeiden sollten, wenn Sie Xeloda einnehmen<\/h2>\n<p>Xeloda sollte vermieden werden, wenn Sie eine bekannte \u00dcberempfindlichkeit gegen Capecitabin oder 5-Fluoruracil haben. Dar\u00fcber hinaus sollten Schwangere und stillende Frauen Xeloda nicht einnehmen, da es das ungeborene Kind oder das gestillte Baby sch\u00e4digen kann. Personen mit schweren Leber- oder Nierenfunktionsst\u00f6rungen sollten ebenfalls vorsichtig sein und vor der Einnahme von Xeloda R\u00fccksprache mit ihrem Arzt halten. Es ist wichtig, Ihrem Arzt alle aktuellen Medikamente mitzuteilen, die Sie einnehmen, da bestimmte Medikamente m\u00f6glicherweise eine Wechselwirkung mit Xeloda haben k\u00f6nnen.<\/p>\n<h2>Umgang mit Nebenwirkungen<\/h2>\n<p>Wie jedes Medikament kann auch Xeloda Nebenwirkungen verursachen. Zu den h\u00e4ufigsten Nebenwirkungen geh\u00f6ren \u00dcbelkeit, Erbrechen, Durchfall, M\u00fcdigkeit und Hautausschl\u00e4ge. Es ist wichtig, Ihrem Arzt mitzuteilen, wenn Sie diese Nebenwirkungen erfahren, damit er Ihnen bei der Verwaltung helfen kann. Gegen \u00dcbelkeit und Erbrechen kann Ihr Arzt Ihnen m\u00f6glicherweise antiemetische Medikamente verschreiben. Bei Durchfall k\u00f6nnen bestimmte Medikamente oder Ern\u00e4hrungsumstellungen empfohlen werden. Versuchen Sie, ausreichend Ruhe zu bekommen und sich gesund zu ern\u00e4hren, um die M\u00fcdigkeit zu bew\u00e4ltigen. Wenn Sie Hautausschl\u00e4ge haben, wenden Sie sich an Ihren Arzt, um festzustellen, ob weitere Ma\u00dfnahmen erforderlich sind. Es ist wichtig, dass Sie die empfohlene Dosierung von Xeloda einhalten und Ihren Arzt \u00fcber alle auftretenden Nebenwirkungen informieren.<\/p>\n<h2>Xeloda sicher einnehmen<\/h2>\n<p>Um Xeloda sicher einzunehmen, sollten Sie die Anweisungen Ihres Arztes genau befolgen. Die Tabletten sollten im Ganzen geschluckt werden und nicht zerkaut oder zerkleinert werden. Xeloda sollte vorzugsweise mit Wasser eingenommen und w\u00e4hrend einer Mahlzeit oder innerhalb von 30 Minuten nach einer Mahlzeit eingenommen werden. Wenn Sie eine Dosis Xeloda vergessen haben, nehmen Sie diese ein, sobald Sie es bemerken, es sei denn, es ist fast Zeit f\u00fcr Ihre n\u00e4chste geplante Dosis. In diesem Fall \u00fcberspringen Sie die vergessene Dosis und fahren Sie mit Ihrem normalen Einnahmeschema fort. Nehmen Sie keine doppelte Dosis ein, um eine vergessene Dosis auszugleichen. Eine \u00dcberdosierung von Xeloda kann schwerwiegende Nebenwirkungen verursachen. Wenn Sie vermuten, dass Sie zu viel Xeloda eingenommen haben, suchen Sie sofort \u00e4rztliche Hilfe auf.<\/p>\n<h2>Mischung mit anderen Medikamenten<\/h2>\n<p>Es ist wichtig, Ihrem Arzt alle Medikamente mitzuteilen, die Sie derzeit einnehmen, einschlie\u00dflich verschreibungspflichtiger, rezeptfreier und pflanzlicher Produkte. Xeloda kann mit bestimmten Medikamenten Wechselwirkungen haben, einschlie\u00dflich blutverd\u00fcnnender Medikamente, Antiepileptika, Antibiotika und Medikamenten gegen Magenprobleme. Ihr Arzt kann Ihnen weitere Anweisungen geben, wie Sie diese Medikamente zusammen mit Xeloda einnehmen k\u00f6nnen, um m\u00f6gliche Wechselwirkungen zu reduzieren.<\/p>\n<h2>Fragen beantwortet<\/h2>\n<ul>\n<li>\n    <strong>Frage 1:<\/strong> Kann ich Xeloda w\u00e4hrend der Schwangerschaft einnehmen?<br \/>\n    <br \/>\n    <strong>Antwort:<\/strong> Nein, es wird nicht empfohlen, Xeloda w\u00e4hrend der Schwangerschaft einzunehmen, da es dem ungeborenen Kind schaden kann.\n  <\/li>\n<li>\n    <strong>Frage 2:<\/strong> Was sollte ich tun, wenn ich eine Dosis Xeloda vergesse?<br \/>\n    <br \/>\n    <strong>Antwort:<\/strong> Wenn Sie eine Dosis Xeloda vergessen haben, nehmen Sie diese ein, sobald Sie es bemerken, es sei denn, es ist fast Zeit f\u00fcr Ihre n\u00e4chste geplante Dosis. Nehmen Sie keine doppelte Dosis ein, um eine vergessene Dosis auszugleichen.\n  <\/li>\n<li>\n    <strong>Frage 3:<\/strong> Welche Nebenwirkungen k\u00f6nnen auftreten, wenn ich Xeloda einnehme?<br \/>\n    <br \/>\n    <strong>Antwort:<\/strong> Zu den h\u00e4ufigen Nebenwirkungen von Xeloda geh\u00f6ren \u00dcbelkeit, Erbrechen, Durchfall, M\u00fcdigkeit und Hautausschl\u00e4ge.\n  <\/li>\n<li>\n    <strong>Frage 4:<\/strong> Kann ich Xeloda mit anderen Medikamenten einnehmen?<br \/>\n    <br \/>\n    <strong>Antwort:<\/strong> Es ist wichtig, Ihrem Arzt alle Medikamente mitzuteilen, die Sie einnehmen, da Xeloda mit bestimmten Medikamenten Wechselwirkungen haben kann. Ihr Arzt kann Ihnen Anweisungen geben, wie Sie diese Medikamente sicher zusammen einnehmen k\u00f6nnen.\n  <\/li>\n<li>\n    <strong>Frage 5:<\/strong> Wie lange dauert die Behandlung mit Xeloda?<br \/>\n    <br \/>\n    <strong>Antwort:<\/strong> Die Dauer der Behandlung mit Xeloda kann je nach Art und Stadium des Krebses variieren. Ihr Arzt wird die geeignete Behandlungsdauer festlegen.\n  <\/li>\n<\/ul>\n","protected":false},"excerpt":{"rendered":"<p>Xeloda, auch bekannt unter dem chemischen Namen Capecitabin, ist ein Medikament, das zur Behandlung bestimmter Arten von Krebs eingesetzt wird. Es wird haupts\u00e4chlich bei Brustkrebs, Dickdarmkrebs und Magenkrebs eingesetzt. Xeloda ist in Form von Tabletten erh\u00e4ltlich und wird oral eingenommen. Es geh\u00f6rt zur Gruppe der sogenannten Antimetaboliten und wirkt, indem es das Tumorwachstum hemmt. Eine genaue Dosierung und medizinische Betreuung sind erforderlich. Die Kosten f\u00fcr Xeloda k\u00f6nnen je nach Land und Versicherung variieren.<\/p>\n<h2>Preis von Xeloda<\/h2>\n<p>Der Xeloda Preis betr\u00e4gt ungef\u00e4hr 15.6\u20ac &#8211; 19.5\u20ac pro Pillen. Abh\u00e4ngig von der Gr\u00f6\u00dfe der Packung und der Anzahl der darin enthaltenen Tabletten (10 oder 40 mg).<\/p>\n","protected":false},"featured_media":937,"comment_status":"open","ping_status":"closed","template":"","meta":{"site-sidebar-layout":"default","site-content-layout":"","ast-site-content-layout":"default","site-content-style":"default","site-sidebar-style":"default","ast-global-header-display":"","ast-banner-title-visibility":"","ast-main-header-display":"","ast-hfb-above-header-display":"","ast-hfb-below-header-display":"","ast-hfb-mobile-header-display":"","site-post-title":"","ast-breadcrumbs-content":"","ast-featured-img":"","footer-sml-layout":"","ast-disable-related-posts":"","theme-transparent-header-meta":"","adv-header-id-meta":"","stick-header-meta":"","header-above-stick-meta":"","header-main-stick-meta":"","header-below-stick-meta":"","astra-migrate-meta-layouts":"default","ast-page-background-enabled":"default","ast-page-background-meta":{"desktop":{"background-color":"var(--ast-global-color-4)","background-image":"","background-repeat":"repeat","background-position":"center center","background-size":"auto","background-attachment":"scroll","background-type":"","background-media":"","overlay-type":"","overlay-color":"","overlay-opacity":"","overlay-gradient":""},"tablet":{"background-color":"","background-image":"","background-repeat":"repeat","background-position":"center center","background-size":"auto","background-attachment":"scroll","background-type":"","background-media":"","overlay-type":"","overlay-color":"","overlay-opacity":"","overlay-gradient":""},"mobile":{"background-color":"","background-image":"","background-repeat":"repeat","background-position":"center center","background-size":"auto","background-attachment":"scroll","background-type":"","background-media":"","overlay-type":"","overlay-color":"","overlay-opacity":"","overlay-gradient":""}},"ast-content-background-meta":{"desktop":{"background-color":"var(--ast-global-color-5)","background-image":"","background-repeat":"repeat","background-position":"center center","background-size":"auto","background-attachment":"scroll","background-type":"","background-media":"","overlay-type":"","overlay-color":"","overlay-opacity":"","overlay-gradient":""},"tablet":{"background-color":"var(--ast-global-color-5)","background-image":"","background-repeat":"repeat","background-position":"center center","background-size":"auto","background-attachment":"scroll","background-type":"","background-media":"","overlay-type":"","overlay-color":"","overlay-opacity":"","overlay-gradient":""},"mobile":{"background-color":"var(--ast-global-color-5)","background-image":"","background-repeat":"repeat","background-position":"center center","background-size":"auto","background-attachment":"scroll","background-type":"","background-media":"","overlay-type":"","overlay-color":"","overlay-opacity":"","overlay-gradient":""}}},"product_brand":[],"product_cat":[16],"product_tag":[],"class_list":{"0":"post-2668","1":"product","2":"type-product","3":"status-publish","4":"has-post-thumbnail","6":"product_cat-frauengesundheit","7":"desktop-align-left","8":"tablet-align-left","9":"mobile-align-left","11":"first","12":"instock","13":"shipping-taxable","14":"product-type-external"},"aioseo_notices":[],"_links":{"self":[{"href":"https:\/\/www.dr-haerting.at\/apotheke\/wp-json\/wp\/v2\/product\/2668","targetHints":{"allow":["GET"]}}],"collection":[{"href":"https:\/\/www.dr-haerting.at\/apotheke\/wp-json\/wp\/v2\/product"}],"about":[{"href":"https:\/\/www.dr-haerting.at\/apotheke\/wp-json\/wp\/v2\/types\/product"}],"replies":[{"embeddable":true,"href":"https:\/\/www.dr-haerting.at\/apotheke\/wp-json\/wp\/v2\/comments?post=2668"}],"wp:featuredmedia":[{"embeddable":true,"href":"https:\/\/www.dr-haerting.at\/apotheke\/wp-json\/wp\/v2\/media\/937"}],"wp:attachment":[{"href":"https:\/\/www.dr-haerting.at\/apotheke\/wp-json\/wp\/v2\/media?parent=2668"}],"wp:term":[{"taxonomy":"product_brand","embeddable":true,"href":"https:\/\/www.dr-haerting.at\/apotheke\/wp-json\/wp\/v2\/product_brand?post=2668"},{"taxonomy":"product_cat","embeddable":true,"href":"https:\/\/www.dr-haerting.at\/apotheke\/wp-json\/wp\/v2\/product_cat?post=2668"},{"taxonomy":"product_tag","embeddable":true,"href":"https:\/\/www.dr-haerting.at\/apotheke\/wp-json\/wp\/v2\/product_tag?post=2668"}],"curies":[{"name":"wp","href":"https:\/\/api.w.org\/{rel}","templated":true}]}}