{"id":2797,"date":"2026-02-08T20:51:30","date_gmt":"2026-02-08T20:51:30","guid":{"rendered":"https:\/\/www.dr-haerting.at\/apotheke\/?post_type=product&#038;p=2797"},"modified":"2026-02-26T20:27:09","modified_gmt":"2026-02-26T20:27:09","slug":"picrolax","status":"publish","type":"product","link":"https:\/\/www.dr-haerting.at\/apotheke\/online\/picrolax\/","title":{"rendered":"Picrolax"},"content":{"rendered":"<p>\nPicrolax ist ein rezeptfreies Medikament, das zur Behandlung von Verstopfung eingesetzt wird. Es handelt sich um ein Abf\u00fchrmittel, das den Darm stimuliert und so den Stuhlgang erleichtert. Der Wirkstoff in Picrolax ist Picross\u00e4ure, die eine abf\u00fchrende Wirkung hat. Das Medikament ist in Form von Tabletten erh\u00e4ltlich und muss oral eingenommen werden.\n<\/p>\n<h2>Sicherheitsma\u00dfnahmen<\/h2>\n<p>\nPicrolax darf nicht eingenommen werden, wenn eine bekannte \u00dcberempfindlichkeit gegen den Wirkstoff oder andere Bestandteile des Medikaments vorliegt. Patienten mit einer schweren Nieren- oder Lebererkrankung sollten vor der Einnahme von Picrolax ihren Arzt konsultieren. Das Medikament ist auch kontraindiziert bei Patienten mit einer Darmerkrankung, wie beispielsweise Morbus Crohn oder Colitis ulcerosa. Schwangere Frauen und stillende M\u00fctter sollten ebenfalls von der Einnahme von Picrolax absehen, da nicht gen\u00fcgend Informationen \u00fcber die Auswirkungen auf den F\u00f6tus oder das Baby vorliegen.\n<\/p>\n<h2>M\u00f6gliche Nebenwirkungen<\/h2>\n<p>\nPicrolax kann verschiedene Nebenwirkungen verursachen, die jedoch nicht bei allen Patienten auftreten m\u00fcssen. Zu den m\u00f6glichen Nebenwirkungen geh\u00f6ren Bauchkr\u00e4mpfe, \u00dcbelkeit, Erbrechen und Durchfall. In seltenen F\u00e4llen kann es zu einer allergischen Reaktion kommen, die sich in Hautausschlag, Juckreiz oder Schwellungen \u00e4u\u00dfern kann. Wenn eine allergische Reaktion auftritt, sollte umgehend medizinische Hilfe in Anspruch genommen werden. Es ist wichtig, Ihrem Arzt alle auftretenden Nebenwirkungen mitzuteilen, um eine angemessene Behandlung zu gew\u00e4hrleisten.\n<\/p>\n<h2>Informationen zur Dosierung<\/h2>\n<p>\nPicrolax sollte gem\u00e4\u00df den Anweisungen des Arztes oder den auf der Packungsbeilage angegebenen Anweisungen eingenommen werden. Die \u00fcbliche Dosierung betr\u00e4gt eine Tablette, die vorzugsweise am Abend vor dem Schlafengehen mit ausreichend Fl\u00fcssigkeit eingenommen werden sollte. Es ist wichtig, die Tablette unzerkaut einzunehmen. Wenn eine Dosis vergessen wurde, sollte sie so bald wie m\u00f6glich nachgeholt werden. Wenn es jedoch bereits Zeit f\u00fcr die n\u00e4chste geplante Dosis ist, sollte die vergessene Dosis \u00fcbersprungen werden und das \u00fcbliche Dosierungsschema sollte fortgesetzt werden. Eine \u00dcberdosierung von Picrolax kann zu schwerem Durchfall f\u00fchren. Im Falle einer \u00dcberdosierung sollte sofort medizinische Hilfe in Anspruch genommen werden.\n<\/p>\n<h2>Worauf ist zu achten<\/h2>\n<p>\nEs ist wichtig, Ihren Arzt \u00fcber alle Medikamente zu informieren, die Sie einnehmen, um m\u00f6gliche Wechselwirkungen zu vermeiden. Picrolax kann die Wirkung von bestimmten Medikamenten beeinflussen, wie beispielsweise blutverd\u00fcnnenden Medikamenten oder Antiepileptika. Informieren Sie auch Ihren Arzt \u00fcber alle bestehenden medizinischen Bedingungen, insbesondere \u00fcber Nieren- oder Lebererkrankungen. Die gleichzeitige Einnahme von bestimmten Lebensmitteln, wie beispielsweise Milchprodukten, kann die Wirksamkeit von Picrolax verringern. Es ist wichtig, die Einnahmeanweisungen genau zu befolgen und Ihren Arzt zu konsultieren, wenn Sie unsicher sind.\n<\/p>\n<h2>Beantwortete Fragen<\/h2>\n<ul>\n<li>\n    <strong>1. Wie lange dauert es, bis Picrolax wirkt?<\/strong><br \/>\n    Die Wirkung von Picrolax kann innerhalb von 6 bis 12 Stunden nach der Einnahme einsetzen.\n<\/li>\n<li>\n    <strong>2. Kann Picrolax w\u00e4hrend der Schwangerschaft eingenommen werden?<\/strong><br \/>\n    Picrolax sollte w\u00e4hrend der Schwangerschaft vermieden werden, es sei denn, Ihr Arzt hat es ausdr\u00fccklich verschrieben.\n<\/li>\n<li>\n    <strong>3. Kann Picrolax zu Abh\u00e4ngigkeit f\u00fchren?<\/strong><br \/>\n    Picrolax kann bei regelm\u00e4\u00dfiger Einnahme zu einer Abh\u00e4ngigkeit f\u00fchren. Es sollte daher nur f\u00fcr kurze Zeit und in der empfohlenen Dosierung eingenommen werden.\n<\/li>\n<li>\n    <strong>4. Gibt es spezielle Lagerungsanforderungen f\u00fcr Picrolax?<\/strong><br \/>\n    Picrolax sollte bei Raumtemperatur gelagert werden, fern von direkter Hitze und Feuchtigkeit.\n<\/li>\n<li>\n    <strong>5. Kann Picrolax von Kindern eingenommen werden?<\/strong><br \/>\n    Picrolax sollte nicht von Kindern unter 12 Jahren eingenommen werden, es sei denn, dies wurde von einem Arzt empfohlen.\n<\/li>\n<\/ul>\n","protected":false},"excerpt":{"rendered":"<p>Picrolax, auch bekannt als Picrosort, ist ein Medikament, das zur Behandlung von Verdauungsst\u00f6rungen eingesetzt wird. Es wird zur Linderung von Symptomen wie Magenkr\u00e4mpfen, Bl\u00e4hungen und Durchfall empfohlen. Picrolax ist ein bew\u00e4hrtes Medikament, das bei verschiedenen Magen-Darm-Erkrankungen wirksam ist. Es ist marktf\u00fchrend bei der Behandlung von Verdauungsbeschwerden und hat sich als wirksame L\u00f6sung f\u00fcr Patienten erwiesen, die an diesen Beschwerden leiden. Picrolax wird oft von \u00c4rzten empfohlen und ist als Over-the-Counter-Medikament erh\u00e4ltlich.<\/p>\n<h2>Preis von Picrolax<\/h2>\n<p>Picrolax kostet zwischen 19.61\u20ac und 31.62\u20ac pro cassettes. Er h\u00e4ngt von der Gr\u00f6\u00dfe der Packung und der Menge des Wirkstoffs ab (1 oder 3 caps).<\/p>\n","protected":false},"featured_media":1184,"comment_status":"open","ping_status":"closed","template":"","meta":{"site-sidebar-layout":"default","site-content-layout":"","ast-site-content-layout":"default","site-content-style":"default","site-sidebar-style":"default","ast-global-header-display":"","ast-banner-title-visibility":"","ast-main-header-display":"","ast-hfb-above-header-display":"","ast-hfb-below-header-display":"","ast-hfb-mobile-header-display":"","site-post-title":"","ast-breadcrumbs-content":"","ast-featured-img":"","footer-sml-layout":"","ast-disable-related-posts":"","theme-transparent-header-meta":"","adv-header-id-meta":"","stick-header-meta":"","header-above-stick-meta":"","header-main-stick-meta":"","header-below-stick-meta":"","astra-migrate-meta-layouts":"default","ast-page-background-enabled":"default","ast-page-background-meta":{"desktop":{"background-color":"var(--ast-global-color-4)","background-image":"","background-repeat":"repeat","background-position":"center center","background-size":"auto","background-attachment":"scroll","background-type":"","background-media":"","overlay-type":"","overlay-color":"","overlay-opacity":"","overlay-gradient":""},"tablet":{"background-color":"","background-image":"","background-repeat":"repeat","background-position":"center center","background-size":"auto","background-attachment":"scroll","background-type":"","background-media":"","overlay-type":"","overlay-color":"","overlay-opacity":"","overlay-gradient":""},"mobile":{"background-color":"","background-image":"","background-repeat":"repeat","background-position":"center center","background-size":"auto","background-attachment":"scroll","background-type":"","background-media":"","overlay-type":"","overlay-color":"","overlay-opacity":"","overlay-gradient":""}},"ast-content-background-meta":{"desktop":{"background-color":"var(--ast-global-color-5)","background-image":"","background-repeat":"repeat","background-position":"center center","background-size":"auto","background-attachment":"scroll","background-type":"","background-media":"","overlay-type":"","overlay-color":"","overlay-opacity":"","overlay-gradient":""},"tablet":{"background-color":"var(--ast-global-color-5)","background-image":"","background-repeat":"repeat","background-position":"center center","background-size":"auto","background-attachment":"scroll","background-type":"","background-media":"","overlay-type":"","overlay-color":"","overlay-opacity":"","overlay-gradient":""},"mobile":{"background-color":"var(--ast-global-color-5)","background-image":"","background-repeat":"repeat","background-position":"center center","background-size":"auto","background-attachment":"scroll","background-type":"","background-media":"","overlay-type":"","overlay-color":"","overlay-opacity":"","overlay-gradient":""}}},"product_brand":[],"product_cat":[22],"product_tag":[],"class_list":{"0":"post-2797","1":"product","2":"type-product","3":"status-publish","4":"has-post-thumbnail","6":"product_cat-andere","7":"desktop-align-left","8":"tablet-align-left","9":"mobile-align-left","11":"first","12":"instock","13":"shipping-taxable","14":"product-type-external"},"aioseo_notices":[],"_links":{"self":[{"href":"https:\/\/www.dr-haerting.at\/apotheke\/wp-json\/wp\/v2\/product\/2797","targetHints":{"allow":["GET"]}}],"collection":[{"href":"https:\/\/www.dr-haerting.at\/apotheke\/wp-json\/wp\/v2\/product"}],"about":[{"href":"https:\/\/www.dr-haerting.at\/apotheke\/wp-json\/wp\/v2\/types\/product"}],"replies":[{"embeddable":true,"href":"https:\/\/www.dr-haerting.at\/apotheke\/wp-json\/wp\/v2\/comments?post=2797"}],"wp:featuredmedia":[{"embeddable":true,"href":"https:\/\/www.dr-haerting.at\/apotheke\/wp-json\/wp\/v2\/media\/1184"}],"wp:attachment":[{"href":"https:\/\/www.dr-haerting.at\/apotheke\/wp-json\/wp\/v2\/media?parent=2797"}],"wp:term":[{"taxonomy":"product_brand","embeddable":true,"href":"https:\/\/www.dr-haerting.at\/apotheke\/wp-json\/wp\/v2\/product_brand?post=2797"},{"taxonomy":"product_cat","embeddable":true,"href":"https:\/\/www.dr-haerting.at\/apotheke\/wp-json\/wp\/v2\/product_cat?post=2797"},{"taxonomy":"product_tag","embeddable":true,"href":"https:\/\/www.dr-haerting.at\/apotheke\/wp-json\/wp\/v2\/product_tag?post=2797"}],"curies":[{"name":"wp","href":"https:\/\/api.w.org\/{rel}","templated":true}]}}