{"id":2910,"date":"2026-02-20T22:18:25","date_gmt":"2026-02-20T22:18:25","guid":{"rendered":"https:\/\/www.dr-haerting.at\/apotheke\/?post_type=product&#038;p=2910"},"modified":"2026-02-26T20:27:08","modified_gmt":"2026-02-26T20:27:08","slug":"benicar","status":"publish","type":"product","link":"https:\/\/www.dr-haerting.at\/apotheke\/online\/benicar\/","title":{"rendered":"Benicar"},"content":{"rendered":"<p>Benicar ist ein verschreibungspflichtiges Medikament, das zur Behandlung von Bluthochdruck (Hypertonie) eingesetzt wird. Der Wirkstoff in Benicar ist Olmesartan Medoxomil, der zu einer Klasse von Medikamenten geh\u00f6rt, die als Angiotensin-II-Rezeptor-Antagonisten bekannt sind. Dieses Medikament wirkt, indem es die Blutgef\u00e4\u00dfe entspannt und den Blutdruck senkt. Benicar kann allein oder in Kombination mit anderen blutdrucksenkenden Medikamenten angewendet werden.<\/p>\n<h2>Sicherheitsma\u00dfnahmen<\/h2>\n<p>Benicar sollte nicht angewendet werden, wenn Sie \u00fcberempfindlich gegen Olmesartan Medoxomil oder einen der Bestandteile des Arzneimittels sind. Frauen, die schwanger sind oder eine Schwangerschaft planen, sollten kein Benicar einnehmen, da es zu schweren Sch\u00e4den beim sich entwickelnden F\u00f6tus f\u00fchren kann. Es ist auch wichtig, Benicar nicht einzunehmen, wenn Sie Probleme mit Ihren Nieren oder Leber haben.<\/p>\n<h2>Nebenwirkungen und L\u00f6sungen<\/h2>\n<p>Wie bei den meisten Medikamenten kann Benicar Nebenwirkungen haben. H\u00e4ufige Nebenwirkungen von Benicar sind Schwindel, Kopfschmerzen, Durchfall, Bauchschmerzen und Erk\u00e4ltungssymptome. In seltenen F\u00e4llen kann Benicar zu schweren allergischen Reaktionen f\u00fchren, die lebensbedrohlich sein k\u00f6nnen. Suchen Sie unverz\u00fcglich medizinische Hilfe auf, wenn Sie Atembeschwerden, Schwellungen im Gesicht oder im Rachen, oder starke Bauchschmerzen haben.<\/p>\n<h2>Verabreichung<\/h2>\n<p>Benicar wird in Tablettenform eingenommen und sollte gem\u00e4\u00df den Anweisungen Ihres Arztes eingenommen werden. Es wird in der Regel einmal t\u00e4glich eingenommen, entweder mit oder ohne Nahrung. Wenn Sie eine Dosis von Benicar vergessen haben, nehmen Sie sie ein, sobald Sie sich daran erinnern. Wenn es jedoch fast Zeit f\u00fcr die n\u00e4chste Dosis ist, \u00fcberspringen Sie die vergessene Dosis und nehmen Sie die n\u00e4chste Dosis zum regul\u00e4ren Zeitpunkt ein. Eine \u00dcberdosierung von Benicar kann zu starkem Schwindel, Schw\u00e4chegef\u00fchl und Ohnmacht f\u00fchren. Bei Verdacht auf eine \u00dcberdosierung suchen Sie sofort medizinische Hilfe auf.<\/p>\n<h2>Wechselwirkungen von Medikamenten verstehen<\/h2>\n<p>Benicar kann mit anderen Medikamenten interagieren, daher ist es wichtig, Ihrem Arzt alle Medikamente mitzuteilen, die Sie einnehmen, einschlie\u00dflich verschreibungspflichtiger Medikamente, rezeptfreier Medikamente, Nahrungserg\u00e4nzungsmittel und Kr\u00e4uterpr\u00e4parate. Bestimmte Medikamente, wie Diuretika, nichtsteroidale entz\u00fcndungshemmende Medikamente (NSAIDs) und Lithium, k\u00f6nnen die Wirksamkeit von Benicar beeintr\u00e4chtigen oder zu unerw\u00fcnschten Nebenwirkungen f\u00fchren.<\/p>\n<h2>H\u00e4ufig gestellte Fragen<\/h2>\n<ul>\n<li>\n<p><strong>Q: Kann ich Benicar w\u00e4hrend der Schwangerschaft einnehmen?<\/strong><\/p>\n<p>A: Nein, Benicar kann schwere Sch\u00e4den beim sich entwickelnden F\u00f6tus verursachen, daher sollten schwangere Frauen dieses Medikament nicht einnehmen.<\/p>\n<\/li>\n<li>\n<p><strong>Q: Welche Nebenwirkungen k\u00f6nnen bei der Einnahme von Benicar auftreten?<\/strong><\/p>\n<p>A: Zu den h\u00e4ufigen Nebenwirkungen von Benicar geh\u00f6ren Schwindel, Kopfschmerzen, Durchfall, Bauchschmerzen und Erk\u00e4ltungssymptome. Seltene, aber schwerwiegende Nebenwirkungen k\u00f6nnen lebensbedrohliche allergische Reaktionen sein.<\/p>\n<\/li>\n<li>\n<p><strong>Q: Was passiert, wenn ich eine Dosis von Benicar vergesse?<\/strong><\/p>\n<p>A: Wenn Sie eine Dosis von Benicar vergessen haben, nehmen Sie sie ein, sobald Sie sich daran erinnern. \u00dcberspringen Sie jedoch die vergessene Dosis, wenn es fast Zeit f\u00fcr die n\u00e4chste Dosis ist.<\/p>\n<\/li>\n<li>\n<p><strong>Q: Wie oft sollte ich Benicar einnehmen?<\/strong><\/p>\n<p>A: Benicar wird in der Regel einmal t\u00e4glich eingenommen, entweder mit oder ohne Nahrung.<\/p>\n<\/li>\n<li>\n<p><strong>Q: Welche Medikamente k\u00f6nnen mit Benicar interagieren?<\/strong><\/p>\n<p>A: Benicar kann mit Diuretika, nichtsteroidalen entz\u00fcndungshemmenden Medikamenten (NSAIDs) und Lithium interagieren. Sprechen Sie mit Ihrem Arzt \u00fcber alle Medikamente, die Sie einnehmen, bevor Sie Benicar einnehmen.<\/p>\n<\/li>\n<\/ul>\n","protected":false},"excerpt":{"rendered":"<p>Benicar, auch bekannt unter seinem generischen Namen Olmesartan, ist ein Medikament zur Behandlung bestimmter Herz-Kreislauf-Erkrankungen. Es wird oft bei Patienten mit Bluthochdruck eingesetzt, um den Blutdruck zu senken und das Risiko von Schlaganf\u00e4llen und Herzinfarkten zu reduzieren. Benicar wird auch zur Behandlung von Nierenproblemen bei Patienten mit Typ-2-Diabetes eingesetzt. Mit seiner aktiven Substanz Olmesartan wirkt das Medikament als Angiotensin-II-Rezeptorantagonist und hilft dabei, die Blutgef\u00e4\u00dfe zu erweitern und den Blutfluss zu verbessern. Benicar ist eine bew\u00e4hrte Option f\u00fcr Patienten mit diesen spezifischen Krankheitsbildern. <\/p>\n<h2>Preis von Benicar<\/h2>\n<p>Das Benicar Preisspektrum reicht von 0.43\u20ac bis 2.65\u20ac f\u00fcr jeden Pillen. Die wichtigsten Einflussfaktoren sind die Packungsgr\u00f6\u00dfe und der Wirkstoffgehalt (30 oder 360 mg).<\/p>\n","protected":false},"featured_media":1410,"comment_status":"open","ping_status":"closed","template":"","meta":{"site-sidebar-layout":"default","site-content-layout":"","ast-site-content-layout":"default","site-content-style":"default","site-sidebar-style":"default","ast-global-header-display":"","ast-banner-title-visibility":"","ast-main-header-display":"","ast-hfb-above-header-display":"","ast-hfb-below-header-display":"","ast-hfb-mobile-header-display":"","site-post-title":"","ast-breadcrumbs-content":"","ast-featured-img":"","footer-sml-layout":"","ast-disable-related-posts":"","theme-transparent-header-meta":"","adv-header-id-meta":"","stick-header-meta":"","header-above-stick-meta":"","header-main-stick-meta":"","header-below-stick-meta":"","astra-migrate-meta-layouts":"default","ast-page-background-enabled":"default","ast-page-background-meta":{"desktop":{"background-color":"var(--ast-global-color-4)","background-image":"","background-repeat":"repeat","background-position":"center center","background-size":"auto","background-attachment":"scroll","background-type":"","background-media":"","overlay-type":"","overlay-color":"","overlay-opacity":"","overlay-gradient":""},"tablet":{"background-color":"","background-image":"","background-repeat":"repeat","background-position":"center center","background-size":"auto","background-attachment":"scroll","background-type":"","background-media":"","overlay-type":"","overlay-color":"","overlay-opacity":"","overlay-gradient":""},"mobile":{"background-color":"","background-image":"","background-repeat":"repeat","background-position":"center center","background-size":"auto","background-attachment":"scroll","background-type":"","background-media":"","overlay-type":"","overlay-color":"","overlay-opacity":"","overlay-gradient":""}},"ast-content-background-meta":{"desktop":{"background-color":"var(--ast-global-color-5)","background-image":"","background-repeat":"repeat","background-position":"center center","background-size":"auto","background-attachment":"scroll","background-type":"","background-media":"","overlay-type":"","overlay-color":"","overlay-opacity":"","overlay-gradient":""},"tablet":{"background-color":"var(--ast-global-color-5)","background-image":"","background-repeat":"repeat","background-position":"center center","background-size":"auto","background-attachment":"scroll","background-type":"","background-media":"","overlay-type":"","overlay-color":"","overlay-opacity":"","overlay-gradient":""},"mobile":{"background-color":"var(--ast-global-color-5)","background-image":"","background-repeat":"repeat","background-position":"center center","background-size":"auto","background-attachment":"scroll","background-type":"","background-media":"","overlay-type":"","overlay-color":"","overlay-opacity":"","overlay-gradient":""}}},"product_brand":[],"product_cat":[30],"product_tag":[],"class_list":{"0":"post-2910","1":"product","2":"type-product","3":"status-publish","4":"has-post-thumbnail","6":"product_cat-blutdruck","7":"desktop-align-left","8":"tablet-align-left","9":"mobile-align-left","11":"first","12":"instock","13":"shipping-taxable","14":"product-type-external"},"aioseo_notices":[],"_links":{"self":[{"href":"https:\/\/www.dr-haerting.at\/apotheke\/wp-json\/wp\/v2\/product\/2910","targetHints":{"allow":["GET"]}}],"collection":[{"href":"https:\/\/www.dr-haerting.at\/apotheke\/wp-json\/wp\/v2\/product"}],"about":[{"href":"https:\/\/www.dr-haerting.at\/apotheke\/wp-json\/wp\/v2\/types\/product"}],"replies":[{"embeddable":true,"href":"https:\/\/www.dr-haerting.at\/apotheke\/wp-json\/wp\/v2\/comments?post=2910"}],"wp:featuredmedia":[{"embeddable":true,"href":"https:\/\/www.dr-haerting.at\/apotheke\/wp-json\/wp\/v2\/media\/1410"}],"wp:attachment":[{"href":"https:\/\/www.dr-haerting.at\/apotheke\/wp-json\/wp\/v2\/media?parent=2910"}],"wp:term":[{"taxonomy":"product_brand","embeddable":true,"href":"https:\/\/www.dr-haerting.at\/apotheke\/wp-json\/wp\/v2\/product_brand?post=2910"},{"taxonomy":"product_cat","embeddable":true,"href":"https:\/\/www.dr-haerting.at\/apotheke\/wp-json\/wp\/v2\/product_cat?post=2910"},{"taxonomy":"product_tag","embeddable":true,"href":"https:\/\/www.dr-haerting.at\/apotheke\/wp-json\/wp\/v2\/product_tag?post=2910"}],"curies":[{"name":"wp","href":"https:\/\/api.w.org\/{rel}","templated":true}]}}