{"id":2928,"date":"2026-02-15T08:31:53","date_gmt":"2026-02-15T08:31:53","guid":{"rendered":"https:\/\/www.dr-haerting.at\/apotheke\/?post_type=product&#038;p=2928"},"modified":"2026-02-26T20:27:17","modified_gmt":"2026-02-26T20:27:17","slug":"arcoxia","status":"publish","type":"product","link":"https:\/\/www.dr-haerting.at\/apotheke\/online\/arcoxia\/","title":{"rendered":"Arcoxia"},"content":{"rendered":"<p>Arcoxia, auch bekannt unter dem generischen Namen Etoricoxib, ist ein nicht-steroidales entz\u00fcndungshemmendes Medikament (NSAID), das zur Linderung von Schmerzen und Entz\u00fcndungen bei verschiedenen Erkrankungen eingesetzt wird. Es geh\u00f6rt zur Klasse der selektiven Cyclooxygenase-2 (COX-2)-Hemmer und wirkt durch die Hemmung von Prostaglandinen, die Entz\u00fcndungen im K\u00f6rper verursachen k\u00f6nnen. Arcoxia wird zur Behandlung von Osteoarthritis, rheumatoider Arthritis, ankylosierender Spondylitis, Gicht und anderen Erkrankungen eingesetzt.<\/p>\n<h2>Wichtige Vorsichtsma\u00dfnahmen<\/h2>\n<p>Arcoxia sollte nicht eingenommen werden, wenn der Patient eine \u00dcberempfindlichkeit gegen\u00fcber Etoricoxib oder anderen NSAIDs zeigt. Es sollte auch vermieden werden, wenn der Patient in der Vergangenheit allergische Reaktionen wie Asthmaanf\u00e4lle, Nesselsucht oder Schwellungen des Gesichts, der Lippen oder der Zunge auf NSAIDs hatte. Arcoxia sollte bei Patienten mit schweren Leber- oder Nierenerkrankungen, Herzinsuffizienz, Magen- oder Darmgeschw\u00fcren oder Blutgerinnungsst\u00f6rungen mit Vorsicht angewendet werden.<\/p>\n<h2>Unerw\u00fcnschte Reaktionen<\/h2>\n<p>Die Anwendung von Arcoxia kann zu unerw\u00fcnschten Reaktionen f\u00fchren. H\u00e4ufige Nebenwirkungen sind Magen-Darm-Beschwerden wie Sodbrennen, \u00dcbelkeit, Bauchschmerzen und Durchfall. Gelegentlich k\u00f6nnen auch Kopfschmerzen, Schwindelgef\u00fchl, \u00d6deme und Bluthochdruck auftreten. In seltenen F\u00e4llen kann Arcoxia allergische Reaktionen, Magen- oder Darmblutungen, Leber- oder Nierensch\u00e4den sowie Herzprobleme verursachen.<\/p>\n<h2>Arcoxia-Dosierung<\/h2>\n<p>Die \u00fcbliche Dosierung von Arcoxia betr\u00e4gt 60 mg pro Tag bei Patienten mit Osteoarthritis und rheumatoider Arthritis. Bei ankylosierender Spondylitis und Gicht kann die Dosierung auf 90 mg pro Tag erh\u00f6ht werden. Arcoxia sollte immer mit einer Mahlzeit eingenommen werden, um die Magenvertr\u00e4glichkeit zu verbessern. Wenn eine Dosis vergessen wurde, sollte sie eingenommen werden, sobald dies bemerkt wird. Wenn es jedoch fast Zeit f\u00fcr die n\u00e4chste geplante Dosis ist, sollte die vergessene Dosis \u00fcbersprungen werden. Eine \u00dcberdosierung von Arcoxia kann zu Symptomen wie Magenschmerzen, \u00dcbelkeit, Erbrechen, Schwindel und Benommenheit f\u00fchren. Bei Verdacht auf eine \u00dcberdosierung sollte sofort ein Arzt kontaktiert werden.<\/p>\n<h2>Auf was man achten sollte<\/h2>\n<p>Bei der Einnahme von Arcoxia sollten Patienten vorsichtig sein, da es Wechselwirkungen mit anderen Medikamenten geben kann. Arcoxia sollte nicht gleichzeitig mit anderen NSAIDs eingenommen werden, da dies das Risiko von Magen- oder Darmblutungen erh\u00f6hen kann. Es ist wichtig, den Arzt \u00fcber alle anderen Medikamente zu informieren, die der Patient einnimmt, einschlie\u00dflich rezeptfreier Medikamente, Vitamine und Naturpr\u00e4parate. Insbesondere sollte Arcoxia nicht zusammen mit blutverd\u00fcnnenden Medikamenten, bestimmten Antidepressiva, Diuretika, Lithium oder Methotrexat eingenommen werden, da dies zu schwerwiegenden Komplikationen f\u00fchren kann.<\/p>\n<h2>Arcoxia: Anfragen und Antworten<\/h2>\n<ul>\n<li><strong>F: Kann Arcoxia w\u00e4hrend der Schwangerschaft eingenommen werden?<\/strong><br \/>\n  A: Nein, Arcoxia sollte w\u00e4hrend der Schwangerschaft vermieden werden, da es zu Komplikationen f\u00fcr das ungeborene Kind f\u00fchren kann.<\/li>\n<li><strong>F: Darf ich Alkohol trinken, w\u00e4hrend ich Arcoxia einnehme?<\/strong><br \/>\n  A: Es wird empfohlen, keinen Alkohol zu trinken, w\u00e4hrend Sie Arcoxia einnehmen, da dies das Risiko von Magen- und Darmblutungen erh\u00f6hen kann.<\/li>\n<li><strong>F: Kann Arcoxia abh\u00e4ngig machen?<\/strong><br \/>\n  A: Nein, es besteht kein Suchtpotenzial f\u00fcr Arcoxia.<\/li>\n<li><strong>F: Kann Arcoxia bei Kindern angewendet werden?<\/strong><br \/>\n  A: Nein, Arcoxia ist nicht f\u00fcr die Anwendung bei Kindern zugelassen.<\/li>\n<li><strong>F: Kann Arcoxia bei Patienten mit Lebererkrankungen angewendet werden?<\/strong><br \/>\n  A: Arcoxia sollte bei Patienten mit schweren Lebererkrankungen mit Vorsicht angewendet werden. Eine niedrigere Dosierung kann in solchen F\u00e4llen empfohlen werden.<\/li>\n<\/ul>\n","protected":false},"excerpt":{"rendered":"<p>Arcoxia, auch unter dem chemischen Namen Etoricoxib bekannt, ist ein verschreibungspflichtiges Medikament zur Behandlung von Schmerzen und Entz\u00fcndungen. Es geh\u00f6rt zur Gruppe der nichtsteroidalen Entz\u00fcndungshemmer (NSAIDs) und wirkt durch Hemmung eines Enzyms, das an der Bildung von Entz\u00fcndungsmediatoren beteiligt ist. Arcoxia wird haupts\u00e4chlich zur Linderung von Symptomen bei rheumatoider Arthritis, Osteoarthritis, akutem Gichtanfall, Muskelschmerzen und Menstruationsschmerzen eingesetzt. Es ist in verschiedenen St\u00e4rken und Packungsgr\u00f6\u00dfen erh\u00e4ltlich.<\/p>\n<h2>Preis von Arcoxia<\/h2>\n<p>Die Preisspanne f\u00fcr Arcoxia liegt bei etwa 0.63\u20ac &#8211; 1.34\u20ac pro Pillen. Die genauen Kosten werden durch die Gr\u00f6\u00dfe und Art der Verpackung sowie die Menge der Wirkstoffe (30 oder 360 mg) beeinflusst.<\/p>\n","protected":false},"featured_media":1424,"comment_status":"open","ping_status":"closed","template":"","meta":{"site-sidebar-layout":"default","site-content-layout":"","ast-site-content-layout":"default","site-content-style":"default","site-sidebar-style":"default","ast-global-header-display":"","ast-banner-title-visibility":"","ast-main-header-display":"","ast-hfb-above-header-display":"","ast-hfb-below-header-display":"","ast-hfb-mobile-header-display":"","site-post-title":"","ast-breadcrumbs-content":"","ast-featured-img":"","footer-sml-layout":"","ast-disable-related-posts":"","theme-transparent-header-meta":"","adv-header-id-meta":"","stick-header-meta":"","header-above-stick-meta":"","header-main-stick-meta":"","header-below-stick-meta":"","astra-migrate-meta-layouts":"default","ast-page-background-enabled":"default","ast-page-background-meta":{"desktop":{"background-color":"var(--ast-global-color-4)","background-image":"","background-repeat":"repeat","background-position":"center center","background-size":"auto","background-attachment":"scroll","background-type":"","background-media":"","overlay-type":"","overlay-color":"","overlay-opacity":"","overlay-gradient":""},"tablet":{"background-color":"","background-image":"","background-repeat":"repeat","background-position":"center center","background-size":"auto","background-attachment":"scroll","background-type":"","background-media":"","overlay-type":"","overlay-color":"","overlay-opacity":"","overlay-gradient":""},"mobile":{"background-color":"","background-image":"","background-repeat":"repeat","background-position":"center center","background-size":"auto","background-attachment":"scroll","background-type":"","background-media":"","overlay-type":"","overlay-color":"","overlay-opacity":"","overlay-gradient":""}},"ast-content-background-meta":{"desktop":{"background-color":"var(--ast-global-color-5)","background-image":"","background-repeat":"repeat","background-position":"center center","background-size":"auto","background-attachment":"scroll","background-type":"","background-media":"","overlay-type":"","overlay-color":"","overlay-opacity":"","overlay-gradient":""},"tablet":{"background-color":"var(--ast-global-color-5)","background-image":"","background-repeat":"repeat","background-position":"center center","background-size":"auto","background-attachment":"scroll","background-type":"","background-media":"","overlay-type":"","overlay-color":"","overlay-opacity":"","overlay-gradient":""},"mobile":{"background-color":"var(--ast-global-color-5)","background-image":"","background-repeat":"repeat","background-position":"center center","background-size":"auto","background-attachment":"scroll","background-type":"","background-media":"","overlay-type":"","overlay-color":"","overlay-opacity":"","overlay-gradient":""}}},"product_brand":[],"product_cat":[21],"product_tag":[],"class_list":{"0":"post-2928","1":"product","2":"type-product","3":"status-publish","4":"has-post-thumbnail","6":"product_cat-schmerzerleichterung","7":"desktop-align-left","8":"tablet-align-left","9":"mobile-align-left","11":"first","12":"instock","13":"shipping-taxable","14":"product-type-external"},"aioseo_notices":[],"_links":{"self":[{"href":"https:\/\/www.dr-haerting.at\/apotheke\/wp-json\/wp\/v2\/product\/2928","targetHints":{"allow":["GET"]}}],"collection":[{"href":"https:\/\/www.dr-haerting.at\/apotheke\/wp-json\/wp\/v2\/product"}],"about":[{"href":"https:\/\/www.dr-haerting.at\/apotheke\/wp-json\/wp\/v2\/types\/product"}],"replies":[{"embeddable":true,"href":"https:\/\/www.dr-haerting.at\/apotheke\/wp-json\/wp\/v2\/comments?post=2928"}],"wp:featuredmedia":[{"embeddable":true,"href":"https:\/\/www.dr-haerting.at\/apotheke\/wp-json\/wp\/v2\/media\/1424"}],"wp:attachment":[{"href":"https:\/\/www.dr-haerting.at\/apotheke\/wp-json\/wp\/v2\/media?parent=2928"}],"wp:term":[{"taxonomy":"product_brand","embeddable":true,"href":"https:\/\/www.dr-haerting.at\/apotheke\/wp-json\/wp\/v2\/product_brand?post=2928"},{"taxonomy":"product_cat","embeddable":true,"href":"https:\/\/www.dr-haerting.at\/apotheke\/wp-json\/wp\/v2\/product_cat?post=2928"},{"taxonomy":"product_tag","embeddable":true,"href":"https:\/\/www.dr-haerting.at\/apotheke\/wp-json\/wp\/v2\/product_tag?post=2928"}],"curies":[{"name":"wp","href":"https:\/\/api.w.org\/{rel}","templated":true}]}}