{"id":2939,"date":"2026-02-11T14:57:35","date_gmt":"2026-02-11T14:57:35","guid":{"rendered":"https:\/\/www.dr-haerting.at\/apotheke\/?post_type=product&#038;p=2939"},"modified":"2026-02-26T20:27:09","modified_gmt":"2026-02-26T20:27:09","slug":"venlor","status":"publish","type":"product","link":"https:\/\/www.dr-haerting.at\/apotheke\/online\/venlor\/","title":{"rendered":"Venlor"},"content":{"rendered":"<p>Venlor ist ein Medikament, das zur Behandlung von Depressionen geh\u00f6rt. Der aktive Wirkstoff in Venlor ist Venlafaxin, ein selektiver Serotonin-Noradrenalin-Wiederaufnahmehemmer (SNRI). Venlor wirkt, indem es den Serotonin- und Noradrenalin-Spiegel im Gehirn erh\u00f6ht, was dazu beitr\u00e4gt, die Stimmung zu verbessern und depressive Symptome zu lindern. Es ist als verschreibungspflichtiges Medikament erh\u00e4ltlich und sollte unter \u00e4rztlicher Aufsicht eingenommen werden.<\/p>\n<h2>Ausweichen von Risiken mit Venlor<\/h2>\n<p>Venlor sollte nicht eingenommen werden, wenn Sie allergisch gegen Venlafaxin oder andere Bestandteile des Medikaments sind. Es ist auch kontraindiziert bei Patienten, die andere Serotonin-Wiederaufnahmehemmer (SSRIs) oder Monoaminoxidase-Hemmer (MAO-Hemmer) einnehmen. Patienten, die an Engwinkelglaukom oder unbehandeltem Bluthochdruck leiden, sollten ebenfalls keine Venlor einnehmen. Schwangere Frauen und stillende M\u00fctter sollten ihren Arzt konsultieren, bevor sie Venlor einnehmen, da die Auswirkungen auf den F\u00f6tus oder das Baby nicht vollst\u00e4ndig bekannt sind.<\/p>\n<h2>Venlor und Ihre Gesundheit<\/h2>\n<p>Wie jedes Medikament kann Venlor Nebenwirkungen haben. H\u00e4ufige Nebenwirkungen sind \u00dcbelkeit, Kopfschmerzen, Schwindel, Schlaflosigkeit, Schwitzen und sexuelle St\u00f6rungen. Diese Nebenwirkungen k\u00f6nnen in der Regel mild sein und nach einigen Tagen oder Wochen abklingen. Es ist wichtig, Nebenwirkungen Ihrem Arzt mitzuteilen, insbesondere wenn sie schwerwiegend sind oder nicht verschwinden. Seltener k\u00f6nnen schwerwiegendere Nebenwirkungen auftreten, wie zum Beispiel Suizidgedanken, Serotonin-Syndrom oder allergische Reaktionen. In solchen F\u00e4llen sollten Sie sofort \u00e4rztliche Hilfe suchen.<\/p>\n<h2>Anleitung f\u00fcr Venlor<\/h2>\n<p>Venlor sollte genau wie von Ihrem Arzt verschrieben eingenommen werden. Die \u00fcbliche Dosierung f\u00fcr Erwachsene betr\u00e4gt 75 bis 225 mg pro Tag, aufgeteilt in zwei oder drei Dosen. Das Medikament kann mit oder ohne Nahrung eingenommen werden. Wenn Sie eine Dosis verpassen, nehmen Sie diese ein, sobald Sie sich daran erinnern. Wenn es jedoch bereits fast Zeit f\u00fcr die n\u00e4chste geplante Dosis ist, lassen Sie die verpasste Dosis aus. Nehmen Sie keine doppelte Dosis ein, um eine vergessene Dosis auszugleichen. Eine \u00dcberdosierung von Venlor kann zu schwerwiegenden Symptomen wie Krampfanf\u00e4llen, Bewusstlosigkeit oder Halluzinationen f\u00fchren. Bei Verdacht auf eine \u00dcberdosierung suchen Sie sofort \u00e4rztliche Hilfe auf.<\/p>\n<h2>Verst\u00e4ndnis von Arzneimittelwechselwirkungen<\/h2>\n<p>Venlor kann mit anderen Medikamenten in Wechselwirkung treten und die Wirkung und Sicherheit beider Medikamente beeinflussen. Es ist wichtig, Ihrem Arzt alle Medikamente zu nennen, die Sie einnehmen, einschlie\u00dflich rezeptfreier Medikamente, Nahrungserg\u00e4nzungsmittel und pflanzlicher Produkte. Venlor kann Wechselwirkungen mit bestimmten Antidepressiva, Migr\u00e4nemedikamenten, blutverd\u00fcnnenden Medikamenten und vielen anderen Arzneimitteln haben. Ihr Arzt wird die potenziellen Wechselwirkungen \u00fcberpr\u00fcfen und Ihre Behandlung entsprechend anpassen.<\/p>\n<h2>Fragen beantwortet<\/h2>\n<ul>\n<li>\n<p>Frage 1: Wie lange dauert es, bis Venlor wirkt?<\/p>\n<p>Antwort: Venlor kann einige Wochen ben\u00f6tigen, um seine volle Wirkung zu entfalten. Der genaue Zeitpunkt kann von Person zu Person variieren.<\/p>\n<\/li>\n<li>\n<p>Frage 2: Ist Venlor s\u00fcchtig machend?<\/p>\n<p>Antwort: Venlor kann zu Entzugserscheinungen f\u00fchren, wenn es pl\u00f6tzlich abgesetzt wird. Daher sollte die Dosierung schrittweise reduziert werden, um diese Symptome zu vermeiden.<\/p>\n<\/li>\n<li>\n<p>Frage 3: Gibt es bestimmte Lebensmittel oder Getr\u00e4nke, die vermieden werden sollten, w\u00e4hrend der Einnahme von Venlor?<\/p>\n<p>Antwort: Es gibt keine bekannten spezifischen Lebensmittel oder Getr\u00e4nke, die vermieden werden m\u00fcssen, w\u00e4hrend Venlor eingenommen wird. Es ist jedoch wichtig, Alkohol w\u00e4hrend der Behandlung zu vermeiden, da dies die Nebenwirkungen verst\u00e4rken kann.<\/p>\n<\/li>\n<li>\n<p>Frage 4: Kann Venlor Gewichtszunahme verursachen?<\/p>\n<p>Antwort: Gewichtszunahme kann eine m\u00f6gliche Nebenwirkung von Venlor sein, obwohl sie nicht bei allen Patienten auftritt. Eine gesunde Ern\u00e4hrung und k\u00f6rperliche Aktivit\u00e4t k\u00f6nnen helfen, Gewichtszunahme zu vermeiden oder zu kontrollieren.<\/p>\n<\/li>\n<li>\n<p>Frage 5: Wie kann ich die Einnahme von Venlor am besten beenden?<\/p>\n<p>Antwort: Die Einnahme von Venlor sollte schrittweise reduziert werden, um Entzugserscheinungen zu vermeiden. Ihr Arzt wird Ihnen eine geeignete Planung f\u00fcr das Absetzen des Medikaments geben.<\/p>\n<\/li>\n<\/ul>\n","protected":false},"excerpt":{"rendered":"<p>Venlor ist der Markenname des Medikaments, dessen generischer Name Venlafaxin ist. Venlor wird zur Behandlung von depressiven St\u00f6rungen, Angstzust\u00e4nden und Panikst\u00f6rungen eingesetzt. Es geh\u00f6rt zur Gruppe der selektiven Serotonin-Noradrenalin-Wiederaufnahmehemmer (SSNRI).  <\/p>\n<h2>Preis von Venlor<\/h2>\n<p>Die Preisstruktur f\u00fcr Venlor ist zwischen 0.91\u20ac und 1.25\u20ac f\u00fcr jeden Pillen festgelegt. Sie richtet sich nach der Gr\u00f6\u00dfe der Verpackung und der Konzentration der Inhaltsstoffe (30 oder 360 mg).<\/p>\n","protected":false},"featured_media":1468,"comment_status":"open","ping_status":"closed","template":"","meta":{"site-sidebar-layout":"default","site-content-layout":"","ast-site-content-layout":"default","site-content-style":"default","site-sidebar-style":"default","ast-global-header-display":"","ast-banner-title-visibility":"","ast-main-header-display":"","ast-hfb-above-header-display":"","ast-hfb-below-header-display":"","ast-hfb-mobile-header-display":"","site-post-title":"","ast-breadcrumbs-content":"","ast-featured-img":"","footer-sml-layout":"","ast-disable-related-posts":"","theme-transparent-header-meta":"","adv-header-id-meta":"","stick-header-meta":"","header-above-stick-meta":"","header-main-stick-meta":"","header-below-stick-meta":"","astra-migrate-meta-layouts":"default","ast-page-background-enabled":"default","ast-page-background-meta":{"desktop":{"background-color":"var(--ast-global-color-4)","background-image":"","background-repeat":"repeat","background-position":"center center","background-size":"auto","background-attachment":"scroll","background-type":"","background-media":"","overlay-type":"","overlay-color":"","overlay-opacity":"","overlay-gradient":""},"tablet":{"background-color":"","background-image":"","background-repeat":"repeat","background-position":"center center","background-size":"auto","background-attachment":"scroll","background-type":"","background-media":"","overlay-type":"","overlay-color":"","overlay-opacity":"","overlay-gradient":""},"mobile":{"background-color":"","background-image":"","background-repeat":"repeat","background-position":"center center","background-size":"auto","background-attachment":"scroll","background-type":"","background-media":"","overlay-type":"","overlay-color":"","overlay-opacity":"","overlay-gradient":""}},"ast-content-background-meta":{"desktop":{"background-color":"var(--ast-global-color-5)","background-image":"","background-repeat":"repeat","background-position":"center center","background-size":"auto","background-attachment":"scroll","background-type":"","background-media":"","overlay-type":"","overlay-color":"","overlay-opacity":"","overlay-gradient":""},"tablet":{"background-color":"var(--ast-global-color-5)","background-image":"","background-repeat":"repeat","background-position":"center center","background-size":"auto","background-attachment":"scroll","background-type":"","background-media":"","overlay-type":"","overlay-color":"","overlay-opacity":"","overlay-gradient":""},"mobile":{"background-color":"var(--ast-global-color-5)","background-image":"","background-repeat":"repeat","background-position":"center center","background-size":"auto","background-attachment":"scroll","background-type":"","background-media":"","overlay-type":"","overlay-color":"","overlay-opacity":"","overlay-gradient":""}}},"product_brand":[],"product_cat":[28],"product_tag":[],"class_list":{"0":"post-2939","1":"product","2":"type-product","3":"status-publish","4":"has-post-thumbnail","6":"product_cat-depression","7":"desktop-align-left","8":"tablet-align-left","9":"mobile-align-left","11":"first","12":"instock","13":"shipping-taxable","14":"product-type-external"},"aioseo_notices":[],"_links":{"self":[{"href":"https:\/\/www.dr-haerting.at\/apotheke\/wp-json\/wp\/v2\/product\/2939","targetHints":{"allow":["GET"]}}],"collection":[{"href":"https:\/\/www.dr-haerting.at\/apotheke\/wp-json\/wp\/v2\/product"}],"about":[{"href":"https:\/\/www.dr-haerting.at\/apotheke\/wp-json\/wp\/v2\/types\/product"}],"replies":[{"embeddable":true,"href":"https:\/\/www.dr-haerting.at\/apotheke\/wp-json\/wp\/v2\/comments?post=2939"}],"wp:featuredmedia":[{"embeddable":true,"href":"https:\/\/www.dr-haerting.at\/apotheke\/wp-json\/wp\/v2\/media\/1468"}],"wp:attachment":[{"href":"https:\/\/www.dr-haerting.at\/apotheke\/wp-json\/wp\/v2\/media?parent=2939"}],"wp:term":[{"taxonomy":"product_brand","embeddable":true,"href":"https:\/\/www.dr-haerting.at\/apotheke\/wp-json\/wp\/v2\/product_brand?post=2939"},{"taxonomy":"product_cat","embeddable":true,"href":"https:\/\/www.dr-haerting.at\/apotheke\/wp-json\/wp\/v2\/product_cat?post=2939"},{"taxonomy":"product_tag","embeddable":true,"href":"https:\/\/www.dr-haerting.at\/apotheke\/wp-json\/wp\/v2\/product_tag?post=2939"}],"curies":[{"name":"wp","href":"https:\/\/api.w.org\/{rel}","templated":true}]}}