{"id":2996,"date":"2026-02-07T03:08:43","date_gmt":"2026-02-07T03:08:43","guid":{"rendered":"https:\/\/www.dr-haerting.at\/apotheke\/?post_type=product&#038;p=2996"},"modified":"2026-02-26T20:27:16","modified_gmt":"2026-02-26T20:27:16","slug":"procardia","status":"publish","type":"product","link":"https:\/\/www.dr-haerting.at\/apotheke\/online\/procardia\/","title":{"rendered":"Procardia"},"content":{"rendered":"<p>Procardia ist ein Medikament, das den Wirkstoff Nifedipin enth\u00e4lt. Es geh\u00f6rt zur Klasse der Calciumantagonisten und wird zur Behandlung von Bluthochdruck (Hypertonie) und bestimmten Herzerkrankungen eingesetzt. Procardia wirkt, indem es die Muskeln der Blutgef\u00e4\u00dfe entspannt und so den Blutdruck senkt. Es kann auch zur Vorbeugung von Angina pectoris-Anf\u00e4llen eingenommen werden.<\/p>\n<h2>Warnungen<\/h2>\n<p>Procardia sollte nicht eingenommen werden, wenn Sie allergisch auf Nifedipin oder andere Calciumkanalblocker reagieren. Es ist auch kontraindiziert bei Patienten mit instabiler Angina pectoris, akutem Myokardinfarkt oder schwerer Herzinsuffizienz. Schwangere Frauen sollten Procardia nicht einnehmen, es sei denn, dies wird ausdr\u00fccklich von einem Arzt empfohlen.<\/p>\n<h2>Nebenwirkungen und L\u00f6sungen<\/h2>\n<p>Wie bei den meisten Medikamenten k\u00f6nnen bei der Einnahme von Procardia Nebenwirkungen auftreten. Die h\u00e4ufigsten Nebenwirkungen sind Kopfschmerzen, Schwindel, M\u00fcdigkeit und Flush (R\u00f6tung der Haut). Einige Patienten k\u00f6nnen auch Schwellungen in den H\u00e4nden oder F\u00fc\u00dfen bemerken. Seltene, aber schwerwiegende Nebenwirkungen k\u00f6nnen eine niedrige Herzfrequenz, Ohnmacht oder Anzeichen einer allergischen Reaktion sein. Wenn Sie eine dieser Nebenwirkungen bemerken, sollten Sie sofort einen Arzt aufsuchen.<\/p>\n<h2>Gebrauchsanweisung<\/h2>\n<p>Procardia sollte unzerkaut eingenommen werden, vorzugsweise mit einem Glas Wasser. Die \u00fcbliche Dosierung betr\u00e4gt zweimal t\u00e4glich 30 mg. Die genaue Dosierung und Dauer der Behandlung kann je nach individuellem Bedarf variieren und sollte vom Arzt festgelegt werden. Wenn Sie eine Dosis vergessen haben, nehmen Sie sie ein, sobald Sie sich daran erinnern. Wenn es jedoch fast Zeit f\u00fcr die n\u00e4chste geplante Dosis ist, \u00fcberspringen Sie die vergessene Dosis und setzen Sie die Einnahme gem\u00e4\u00df dem regul\u00e4ren Zeitplan fort. Eine \u00dcberdosierung von Procardia kann zu einer starken Senkung des Blutdrucks f\u00fchren und schwerwiegende Symptome verursachen. Im Falle einer \u00dcberdosierung sollten Sie sofort einen Arzt aufsuchen oder eine Notaufnahme aufsuchen.<\/p>\n<h2>Wechselwirkungen von Medikamenten verstehen<\/h2>\n<p>Procardia kann mit anderen Medikamenten interagieren und deren Wirkung beeinflussen. Informieren Sie Ihren Arzt \u00fcber alle Arzneimittel, Vitamine und Nahrungserg\u00e4nzungsmittel, die Sie einnehmen, um potenzielle Wechselwirkungen zu vermeiden. Bestimmte Medikamente wie Beta-Blocker, ACE-Hemmer und Digoxin k\u00f6nnen die blutdrucksenkende Wirkung von Procardia verst\u00e4rken. Auf der anderen Seite k\u00f6nnen Arzneimittel wie Rifampicin, Phenytoin und Carbamazepin die Wirkung von Procardia verringern. Es ist wichtig, alle Fragen zu Wechselwirkungen mit Ihrem Arzt zu besprechen, bevor Sie Procardia einnehmen.<\/p>\n<h2>FRAGEN UND ANTWORTEN<\/h2>\n<ul>\n<li>\n    <b>Frage: Kann ich w\u00e4hrend der Einnahme von Procardia Alkohol trinken?<\/b><br \/>\n    Antwort: Es wird empfohlen, w\u00e4hrend der Einnahme von Procardia Alkoholkonsum zu vermeiden, da Alkohol den Blutdruck senken kann und die Wirkung des Medikaments verst\u00e4rken kann.\n  <\/li>\n<li>\n    <b>Frage: Kann Procardia zu Gewichtszunahme f\u00fchren?<\/b><br \/>\n    Antwort: In einigen F\u00e4llen wurde \u00fcber Gewichtszunahme bei der Einnahme von Procardia berichtet, jedoch ist dies kein h\u00e4ufiges Symptom und kann individuell variieren.\n  <\/li>\n<li>\n    <b>Frage: Kann Procardia w\u00e4hrend der Schwangerschaft eingenommen werden?<\/b><br \/>\n    Antwort: Schwangere Frauen sollten Procardia nur einnehmen, wenn dies ausdr\u00fccklich von einem Arzt empfohlen wurde, da das Medikament bestimmte Risiken f\u00fcr das ungeborene Baby haben kann.\n  <\/li>\n<li>\n    <b>Frage: Kann Procardia die Wirksamkeit der Empf\u00e4ngnisverh\u00fctung beeintr\u00e4chtigen?<\/b><br \/>\n    Antwort: Es wurden keine bekannten Wechselwirkungen zwischen Procardia und empf\u00e4ngnisverh\u00fctenden Ma\u00dfnahmen wie der Pille festgestellt. Es wird jedoch empfohlen, dies mit einem Arzt zu besprechen, um sicherzustellen, dass Ihre bevorzugte Methode der Empf\u00e4ngnisverh\u00fctung nicht beeintr\u00e4chtigt wird.\n  <\/li>\n<li>\n    <b>Frage: Kann ich Procardia absetzen, wenn meine Symptome verschwunden sind?<\/b><br \/>\n    Antwort: Es ist wichtig, Procardia nur nach Anweisung Ihres Arztes abzusetzen. Pl\u00f6tzliches Absetzen des Medikaments kann zu einem pl\u00f6tzlichen Anstieg des Blutdrucks f\u00fchren.\n  <\/li>\n<\/ul>\n","protected":false},"excerpt":{"rendered":"<p>Procardia, auch bekannt unter dem generischen Namen Nifedipin, ist ein Medikament, das zur Behandlung von verschiedenen Erkrankungen eingesetzt wird. Es wird haupts\u00e4chlich zur Behandlung von Bluthochdruck und Angina pectoris (Brustenge) verwendet. Procardia geh\u00f6rt zur Klasse der Calciumkanalblocker und wirkt durch Entspannung und Erweiterung der Blutgef\u00e4\u00dfe, um den Blutdruck zu senken und die Durchblutung des Herzens zu verbessern. Es wird oft als langfristige Behandlung eingesetzt, um die Anzahl und Schwere von Angina-Attacken zu reduzieren. Bei Bluthochdruck kann es auch andere Komplikationen wie Herzinfarkt oder Schlaganfall vorbeugen. <\/p>\n<h2>Preis von Procardia<\/h2>\n<p>Das Procardia Preisspektrum reicht von 0.72\u20ac bis 1.18\u20ac f\u00fcr jeden Pillen. Die wichtigsten Einflussfaktoren sind die Packungsgr\u00f6\u00dfe und der Wirkstoffgehalt (30 bzw. 360 mg).    <\/p>\n","protected":false},"featured_media":1553,"comment_status":"open","ping_status":"closed","template":"","meta":{"site-sidebar-layout":"default","site-content-layout":"","ast-site-content-layout":"default","site-content-style":"default","site-sidebar-style":"default","ast-global-header-display":"","ast-banner-title-visibility":"","ast-main-header-display":"","ast-hfb-above-header-display":"","ast-hfb-below-header-display":"","ast-hfb-mobile-header-display":"","site-post-title":"","ast-breadcrumbs-content":"","ast-featured-img":"","footer-sml-layout":"","ast-disable-related-posts":"","theme-transparent-header-meta":"","adv-header-id-meta":"","stick-header-meta":"","header-above-stick-meta":"","header-main-stick-meta":"","header-below-stick-meta":"","astra-migrate-meta-layouts":"default","ast-page-background-enabled":"default","ast-page-background-meta":{"desktop":{"background-color":"var(--ast-global-color-4)","background-image":"","background-repeat":"repeat","background-position":"center center","background-size":"auto","background-attachment":"scroll","background-type":"","background-media":"","overlay-type":"","overlay-color":"","overlay-opacity":"","overlay-gradient":""},"tablet":{"background-color":"","background-image":"","background-repeat":"repeat","background-position":"center center","background-size":"auto","background-attachment":"scroll","background-type":"","background-media":"","overlay-type":"","overlay-color":"","overlay-opacity":"","overlay-gradient":""},"mobile":{"background-color":"","background-image":"","background-repeat":"repeat","background-position":"center center","background-size":"auto","background-attachment":"scroll","background-type":"","background-media":"","overlay-type":"","overlay-color":"","overlay-opacity":"","overlay-gradient":""}},"ast-content-background-meta":{"desktop":{"background-color":"var(--ast-global-color-5)","background-image":"","background-repeat":"repeat","background-position":"center center","background-size":"auto","background-attachment":"scroll","background-type":"","background-media":"","overlay-type":"","overlay-color":"","overlay-opacity":"","overlay-gradient":""},"tablet":{"background-color":"var(--ast-global-color-5)","background-image":"","background-repeat":"repeat","background-position":"center center","background-size":"auto","background-attachment":"scroll","background-type":"","background-media":"","overlay-type":"","overlay-color":"","overlay-opacity":"","overlay-gradient":""},"mobile":{"background-color":"var(--ast-global-color-5)","background-image":"","background-repeat":"repeat","background-position":"center center","background-size":"auto","background-attachment":"scroll","background-type":"","background-media":"","overlay-type":"","overlay-color":"","overlay-opacity":"","overlay-gradient":""}}},"product_brand":[],"product_cat":[31],"product_tag":[],"class_list":{"0":"post-2996","1":"product","2":"type-product","3":"status-publish","4":"has-post-thumbnail","6":"product_cat-herzerkrankungen","7":"desktop-align-left","8":"tablet-align-left","9":"mobile-align-left","11":"first","12":"instock","13":"shipping-taxable","14":"product-type-external"},"aioseo_notices":[],"_links":{"self":[{"href":"https:\/\/www.dr-haerting.at\/apotheke\/wp-json\/wp\/v2\/product\/2996","targetHints":{"allow":["GET"]}}],"collection":[{"href":"https:\/\/www.dr-haerting.at\/apotheke\/wp-json\/wp\/v2\/product"}],"about":[{"href":"https:\/\/www.dr-haerting.at\/apotheke\/wp-json\/wp\/v2\/types\/product"}],"replies":[{"embeddable":true,"href":"https:\/\/www.dr-haerting.at\/apotheke\/wp-json\/wp\/v2\/comments?post=2996"}],"wp:featuredmedia":[{"embeddable":true,"href":"https:\/\/www.dr-haerting.at\/apotheke\/wp-json\/wp\/v2\/media\/1553"}],"wp:attachment":[{"href":"https:\/\/www.dr-haerting.at\/apotheke\/wp-json\/wp\/v2\/media?parent=2996"}],"wp:term":[{"taxonomy":"product_brand","embeddable":true,"href":"https:\/\/www.dr-haerting.at\/apotheke\/wp-json\/wp\/v2\/product_brand?post=2996"},{"taxonomy":"product_cat","embeddable":true,"href":"https:\/\/www.dr-haerting.at\/apotheke\/wp-json\/wp\/v2\/product_cat?post=2996"},{"taxonomy":"product_tag","embeddable":true,"href":"https:\/\/www.dr-haerting.at\/apotheke\/wp-json\/wp\/v2\/product_tag?post=2996"}],"curies":[{"name":"wp","href":"https:\/\/api.w.org\/{rel}","templated":true}]}}