{"id":3027,"date":"2026-02-08T10:10:49","date_gmt":"2026-02-08T10:10:49","guid":{"rendered":"https:\/\/www.dr-haerting.at\/apotheke\/?post_type=product&#038;p=3027"},"modified":"2026-02-26T20:27:21","modified_gmt":"2026-02-26T20:27:21","slug":"zyrtec","status":"publish","type":"product","link":"https:\/\/www.dr-haerting.at\/apotheke\/online\/zyrtec\/","title":{"rendered":"Zyrtec"},"content":{"rendered":"<p>Zyrtec ist ein verschreibungspflichtiges Medikament, das zur Behandlung von Allergiesymptomen eingesetzt wird. Der Wirkstoff in Zyrtec ist Cetirizin, ein Antihistaminikum, das daf\u00fcr sorgt, dass die Wirkung des Histamins, eines nat\u00fcrlichen K\u00f6rpersubstanz, die f\u00fcr Allergiesymptome verantwortlich ist, blockiert wird. Zyrtec lindert effektiv Symptome wie laufende Nase, Niesen, juckende Haut und tr\u00e4nende Augen, die mit saisonalen und ganzj\u00e4hrigen Allergien verbunden sind.<\/p>\n<p>Das Medikament ist in Form von Tabletten, Tropfen und Sirup erh\u00e4ltlich und kann von Personen ab einem Alter von sechs Monaten eingenommen werden. Es ist wichtig zu beachten, dass Zyrtec nur zur Linderung der Symptome verwendet wird und nicht zur Heilung der zugrunde liegenden Allergie.<\/p>\n<h2>Gebote und Verbote<\/h2>\n<p>Zyrtec sollte nicht angewendet werden, wenn eine bekannt oder vermutete \u00dcberempfindlichkeit gegen\u00fcber Cetirizin oder anderen Inhaltsstoffen des Medikaments besteht. Es ist wichtig, vor der Einnahme von Zyrtec Ihren Arzt zu konsultieren, insbesondere wenn Sie eine Vorgeschichte von Nierenerkrankungen haben.<\/p>\n<h2>Umgang mit Nebenwirkungen<\/h2>\n<p>Wie bei vielen Arzneimitteln kann Zyrtec auch Nebenwirkungen verursachen. Die h\u00e4ufigsten Nebenwirkungen sind Schl\u00e4frigkeit, M\u00fcdigkeit, Mundtrockenheit und Kopfschmerzen. Diese Nebenwirkungen sind in der Regel mild und von kurzer Dauer.<\/p>\n<p>Es ist wichtig, Ihren Arzt zu konsultieren, wenn Sie unter schweren Nebenwirkungen leiden, wie zum Beispiel schneller oder unregelm\u00e4\u00dfiger Herzschlag, Verwirrtheit, Sehst\u00f6rungen oder anhaltende Magenbeschwerden.<\/p>\n<h2>Wie man es anwendet<\/h2>\n<p>Zyrtec sollte gem\u00e4\u00df den Anweisungen Ihres Arztes oder den Anweisungen auf der Packungsbeilage eingenommen werden. Das Medikament kann mit oder ohne Nahrung eingenommen werden. Vermeiden Sie alkoholische Getr\u00e4nke w\u00e4hrend der Einnahme von Zyrtec, da dies die Wahrscheinlichkeit von Nebenwirkungen erh\u00f6hen kann.<\/p>\n<p>Wenn Sie eine Dosis von Zyrtec vergessen haben, nehmen Sie diese ein, sobald Sie es bemerken. Nehmen Sie jedoch nicht mehr als die empfohlene Dosis ein, um eine \u00dcberdosierung zu vermeiden. Bei versehentlicher \u00dcberdosierung sollten Sie sofort \u00e4rztliche Hilfe suchen.<\/p>\n<h2>Mischung mit anderen Medikamenten<\/h2>\n<p>Es ist wichtig, Ihren Arzt \u00fcber alle anderen Medikamente zu informieren, die Sie einnehmen, einschlie\u00dflich rezeptfreier und pflanzlicher Pr\u00e4parate. Bestimmte Medikamente k\u00f6nnen die Wirkung von Zyrtec beeinflussen oder unerw\u00fcnschte Nebenwirkungen verursachen.<\/p>\n<p>Vermeiden Sie die gleichzeitige Einnahme von Zyrtec mit Alkohol, Beruhigungsmitteln, Schlafmitteln oder anderen Medikamenten, die Schl\u00e4frigkeit verursachen k\u00f6nnen.<\/p>\n<h2>Zyrtec: Anfragen und Antworten<\/h2>\n<ul>\n<li><strong>Frage:<\/strong> Kann ich Zyrtec w\u00e4hrend der Schwangerschaft einnehmen?<\/li>\n<li><strong>Antwort:<\/strong> Es wird empfohlen, Ihren Arzt zu konsultieren, bevor Sie Zyrtec w\u00e4hrend der Schwangerschaft einnehmen. Ihr Arzt wird abw\u00e4gen, ob der Nutzen der Behandlung die potenziellen Risiken \u00fcberwiegt.<\/li>\n<li><strong>Frage:<\/strong> Kann ich Zyrtec zusammen mit anderen Antihistaminika einnehmen?<\/li>\n<li><strong>Antwort:<\/strong> Die gleichzeitige Anwendung von Zyrtec mit anderen Antihistaminika sollte vermieden werden, da dies zu einer erh\u00f6hten Sedierung f\u00fchren kann. Konsultieren Sie Ihren Arzt, bevor Sie andere Antihistaminika zusammen mit Zyrtec einnehmen.<\/li>\n<li><strong>Frage:<\/strong> Kann Zyrtec bei Kindern angewendet werden?<\/li>\n<li><strong>Antwort:<\/strong> Ja, Zyrtec kann bei Kindern ab einem Alter von sechs Monaten angewendet werden. Die Dosierung sollte entsprechend dem Gewicht des Kindes erfolgen.<\/li>\n<li><strong>Frage:<\/strong> Verursacht Zyrtec Gew\u00f6hnungseffekte?<\/li>\n<li><strong>Antwort:<\/strong> Bei den meisten Menschen f\u00fchrt Zyrtec nicht zu Gew\u00f6hnungseffekten. Wenn Sie jedoch Bedenken haben, sprechen Sie mit Ihrem Arzt.<\/li>\n<li><strong>Frage:<\/strong> Kann ich Zyrtec vor einer Allergieexposition einnehmen, um Symptome zu verhindern?<\/li>\n<li><strong>Antwort:<\/strong> Zyrtec ist nicht zur Vorbeugung von Allergiesymptomen geeignet. Es ist am effektivsten, wenn es zur Linderung vorhandener Symptome eingenommen wird.<\/li>\n<\/ul>\n","protected":false},"excerpt":{"rendered":"<p>Zyrtec, auch bekannt unter dem chemischen Namen Cetirizin, ist ein Medikament zur Behandlung von allergischen Zust\u00e4nden wie Heuschnupfen, saisonaler allergischer Rhinitis und chronischer Urtikaria. Es handelt sich dabei um ein Antihistaminikum der zweiten Generation, welches Histaminrezeptoren blockiert und dadurch allergische Reaktionen lindert. Zyrtec ist ein kommerziell erh\u00e4ltliches Medikament und kann ohne \u00e4rztliche Verschreibung erworben werden.<\/p>\n<h2>Preis von Zyrtec<\/h2>\n<p>Eine Packung Zyrtec kann zwischen 1.04\u20ac und 2.34\u20ac kosten. Der genaue Preis h\u00e4ngt von der Packungsgr\u00f6\u00dfe und der Wirkstoffdichte ab (30 oder 360 mg).<\/p>\n","protected":false},"featured_media":1612,"comment_status":"open","ping_status":"closed","template":"","meta":{"site-sidebar-layout":"default","site-content-layout":"","ast-site-content-layout":"default","site-content-style":"default","site-sidebar-style":"default","ast-global-header-display":"","ast-banner-title-visibility":"","ast-main-header-display":"","ast-hfb-above-header-display":"","ast-hfb-below-header-display":"","ast-hfb-mobile-header-display":"","site-post-title":"","ast-breadcrumbs-content":"","ast-featured-img":"","footer-sml-layout":"","ast-disable-related-posts":"","theme-transparent-header-meta":"","adv-header-id-meta":"","stick-header-meta":"","header-above-stick-meta":"","header-main-stick-meta":"","header-below-stick-meta":"","astra-migrate-meta-layouts":"default","ast-page-background-enabled":"default","ast-page-background-meta":{"desktop":{"background-color":"var(--ast-global-color-4)","background-image":"","background-repeat":"repeat","background-position":"center center","background-size":"auto","background-attachment":"scroll","background-type":"","background-media":"","overlay-type":"","overlay-color":"","overlay-opacity":"","overlay-gradient":""},"tablet":{"background-color":"","background-image":"","background-repeat":"repeat","background-position":"center center","background-size":"auto","background-attachment":"scroll","background-type":"","background-media":"","overlay-type":"","overlay-color":"","overlay-opacity":"","overlay-gradient":""},"mobile":{"background-color":"","background-image":"","background-repeat":"repeat","background-position":"center center","background-size":"auto","background-attachment":"scroll","background-type":"","background-media":"","overlay-type":"","overlay-color":"","overlay-opacity":"","overlay-gradient":""}},"ast-content-background-meta":{"desktop":{"background-color":"var(--ast-global-color-5)","background-image":"","background-repeat":"repeat","background-position":"center center","background-size":"auto","background-attachment":"scroll","background-type":"","background-media":"","overlay-type":"","overlay-color":"","overlay-opacity":"","overlay-gradient":""},"tablet":{"background-color":"var(--ast-global-color-5)","background-image":"","background-repeat":"repeat","background-position":"center center","background-size":"auto","background-attachment":"scroll","background-type":"","background-media":"","overlay-type":"","overlay-color":"","overlay-opacity":"","overlay-gradient":""},"mobile":{"background-color":"var(--ast-global-color-5)","background-image":"","background-repeat":"repeat","background-position":"center center","background-size":"auto","background-attachment":"scroll","background-type":"","background-media":"","overlay-type":"","overlay-color":"","overlay-opacity":"","overlay-gradient":""}}},"product_brand":[],"product_cat":[38],"product_tag":[],"class_list":{"0":"post-3027","1":"product","2":"type-product","3":"status-publish","4":"has-post-thumbnail","6":"product_cat-allergie","7":"desktop-align-left","8":"tablet-align-left","9":"mobile-align-left","11":"first","12":"instock","13":"shipping-taxable","14":"product-type-external"},"aioseo_notices":[],"_links":{"self":[{"href":"https:\/\/www.dr-haerting.at\/apotheke\/wp-json\/wp\/v2\/product\/3027","targetHints":{"allow":["GET"]}}],"collection":[{"href":"https:\/\/www.dr-haerting.at\/apotheke\/wp-json\/wp\/v2\/product"}],"about":[{"href":"https:\/\/www.dr-haerting.at\/apotheke\/wp-json\/wp\/v2\/types\/product"}],"replies":[{"embeddable":true,"href":"https:\/\/www.dr-haerting.at\/apotheke\/wp-json\/wp\/v2\/comments?post=3027"}],"wp:featuredmedia":[{"embeddable":true,"href":"https:\/\/www.dr-haerting.at\/apotheke\/wp-json\/wp\/v2\/media\/1612"}],"wp:attachment":[{"href":"https:\/\/www.dr-haerting.at\/apotheke\/wp-json\/wp\/v2\/media?parent=3027"}],"wp:term":[{"taxonomy":"product_brand","embeddable":true,"href":"https:\/\/www.dr-haerting.at\/apotheke\/wp-json\/wp\/v2\/product_brand?post=3027"},{"taxonomy":"product_cat","embeddable":true,"href":"https:\/\/www.dr-haerting.at\/apotheke\/wp-json\/wp\/v2\/product_cat?post=3027"},{"taxonomy":"product_tag","embeddable":true,"href":"https:\/\/www.dr-haerting.at\/apotheke\/wp-json\/wp\/v2\/product_tag?post=3027"}],"curies":[{"name":"wp","href":"https:\/\/api.w.org\/{rel}","templated":true}]}}